{"id":71,"date":"2020-06-20T00:54:09","date_gmt":"2020-06-20T00:54:09","guid":{"rendered":"http:\/\/cnnee.org\/?page_id=71"},"modified":"2021-07-07T22:05:59","modified_gmt":"2021-07-08T04:05:59","slug":"mision","status":"publish","type":"page","link":"https:\/\/cnnee.org\/index.php\/mision\/","title":{"rendered":"Misi\u00f3n"},"content":{"rendered":"\n<p><strong>Ser una asociaci\u00f3n con personalidad jur\u00eddica  Hondure\u00f1a que pretende la mejora de la situaci\u00f3n Infantil \u00a0 que presentan una necesidad educativa o de comportamiento emocional y otros colectivos en exclusi\u00f3n, a trav\u00e9s de la prevenci\u00f3n y de la intervenci\u00f3n psicopedag\u00f3gica.  <\/strong><\/p>\n\n\n\n<p><strong>Nos caracterizamos por realizar un trabajo en el que prima la solidaridad con la realidad socioecon\u00f3mica de las familias&nbsp; y la confianza en el cambio individual y social, dando una especial importancia al trabajo en red y de sensibilizaci\u00f3n de la poblaci\u00f3n.<\/strong><\/p>\n\n\n\n<figure class=\"wp-block-image size-large is-resized is-style-rounded\"><img loading=\"lazy\" decoding=\"async\" src=\"https:\/\/cnnee.org\/wp-content\/uploads\/2021\/06\/BMQP7504-1024x576.jpg\" alt=\"\" class=\"wp-image-273\" width=\"626\" height=\"352\" srcset=\"https:\/\/cnnee.org\/wp-content\/uploads\/2021\/06\/BMQP7504-1024x576.jpg 1024w, https:\/\/cnnee.org\/wp-content\/uploads\/2021\/06\/BMQP7504-300x169.jpg 300w, https:\/\/cnnee.org\/wp-content\/uploads\/2021\/06\/BMQP7504-768x432.jpg 768w, https:\/\/cnnee.org\/wp-content\/uploads\/2021\/06\/BMQP7504.jpg 1152w\" sizes=\"auto, (max-width: 626px) 100vw, 626px\" \/><\/figure>\n\n\n\n<p>Segun la Ley del Pais. Se sustenta el porque Necesidades Educativas Especiales.<\/p>\n\n\n\n<p>CAPITULO II<br>DEFINICIONES<br>ART\u00cdCULO 7.- DEFINICIONES<br>Para efectos de esta ley, se entiende por:<br>IGUALDAD DE OPORTUNIDADES: El reconocimiento de igualdad de<br>condiciones y derechos que garanticen las mismas oportunidades para el acceso y<br>participaci\u00f3n plena de las personas con discapacidad en la sociedad, con ausencia<br>de todo tipo de discriminaci\u00f3n por motivo de su discapacidad.  <\/p>\n\n\n\n<p>DISCAPACIDAD: Cualquier tipo de deficiencia f\u00edsica, mental o sensorial, que en<br>relaci\u00f3n a la edad y medio social, limite sustancialmente, la integraci\u00f3n y<br>realizaci\u00f3n de las actividades del individuo en la sociedad, ya sean de tipo familiar,<br>social, educacional o laboral.<br>AYUDA T\u00c9CNICA: Asistencia requerida por las personas con discapacidad para<br>lograr mejor desempe\u00f1o, habilidad y autonom\u00eda en la ejecuci\u00f3n de sus actividades<br>regulares.<br>SERVICIO DE APOYO: Todas las ayudas t\u00e9cnicas, asistencia personal, equipos,<br>recursos auxiliares y servicios de educaci\u00f3n especial que sean necesarios para las<br>personas con discapacidad con la finalidad de garantizar igualdad de<br>oportunidades y lograr su superaci\u00f3n.<br>AUTO DETERMINACI\u00d3N: El derecho que la persona con discapacidad tiene de<br>decidir en forma independiente su propia forma de vida y participa activamente<br>en la sociedad, para poder desarrollar a plenitud su propia personalidad.<br>NORMALIZACI\u00d3N: Es el derecho que la persona con discapacidad, tienen de<br>poder llevar y desarrollar una vida normal y similar a la considerada habitual en<br>la sociedad, accediendo a los mismo lugares, espacios, bienes y servicios que se<br>ponen a disposici\u00f3n de cualquier persona.<br>ACCESIBILIDAD UNIVERSAL: son las condiciones y facilidades que deben<br>cumplir los entornos f\u00edsicos, servicios, productos y bienes, as\u00ed como la informaci\u00f3n<br>y documentaci\u00f3n para poder ser comprensibles, utilizables y practicables por todas<br>las personas, en condiciones de comodidad y seguridad.<br><strong><em>NECESIDADES EDUCATIVAS ESPECIALE<\/em><\/strong>S: Son las necesidades que tiene una<br>persona derivadas de su incapacidad o de sus dificultades de aprendizaje.<br>ESTIMULACI\u00d3N TEMPRANA: Atenci\u00f3n brindada al ni\u00f1o para potenciar y<br>desarrollar al m\u00e1ximo sus posibilidades f\u00edsicas, intelectuales, sensoriales y<br>afectivas, mediante programas terap\u00e9uticos sistem\u00e1ticos en todas las \u00e1reas del<br>desarrollo humano, sin comprometer el curso l\u00f3gico de la maduraci\u00f3n.<br>PREVENCI\u00d3N: Por prevenci\u00f3n se entiende la adopci\u00f3n de medidas a tiempo<br>encaminadas a impedir que se produzca un deterioro f\u00edsico, intelectual,<br>psiqui\u00e1trico o sensorial (prevenci\u00f3n primaria) o a impedir que ese deterioro cause<br>una discapacidad o limitaci\u00f3n funcional permanente (prevenci\u00f3n secundaria).<br>REHABILITACI\u00d3N: La rehabilitaci\u00f3n es un proceso encaminado a lograr que las<br>personas con discapacidad est\u00e9n en condiciones de alcanzar y mantener un estado <\/p>\n\n\n\n<p>funcional \u00f3ptimo desde el punto de vista f\u00edsico, sensorial, intelectual, ps\u00edquico o<br>social, de manera que cuenten con medios para modificar su propia vida y ser m\u00e1s<br>independientes.<\/p>\n\n\n\n<p><\/p>\n","protected":false},"excerpt":{"rendered":"<p>Segun la Ley del Pais. Se sustenta el porque Necesidades Educativas Especiales. CAPITULO IIDEFINICIONESART\u00cdCULO 7.- DEFINICIONESPara efectos de esta ley, se entiende por:IGUALDAD DE OPORTUNIDADES:&hellip;<\/p>\n","protected":false},"author":1,"featured_media":0,"parent":0,"menu_order":0,"comment_status":"closed","ping_status":"closed","template":"","meta":{"footnotes":""},"class_list":["post-71","page","type-page","status-publish","hentry"],"_links":{"self":[{"href":"https:\/\/cnnee.org\/index.php\/wp-json\/wp\/v2\/pages\/71","targetHints":{"allow":["GET"]}}],"collection":[{"href":"https:\/\/cnnee.org\/index.php\/wp-json\/wp\/v2\/pages"}],"about":[{"href":"https:\/\/cnnee.org\/index.php\/wp-json\/wp\/v2\/types\/page"}],"author":[{"embeddable":true,"href":"https:\/\/cnnee.org\/index.php\/wp-json\/wp\/v2\/users\/1"}],"replies":[{"embeddable":true,"href":"https:\/\/cnnee.org\/index.php\/wp-json\/wp\/v2\/comments?post=71"}],"version-history":[{"count":4,"href":"https:\/\/cnnee.org\/index.php\/wp-json\/wp\/v2\/pages\/71\/revisions"}],"predecessor-version":[{"id":565,"href":"https:\/\/cnnee.org\/index.php\/wp-json\/wp\/v2\/pages\/71\/revisions\/565"}],"wp:attachment":[{"href":"https:\/\/cnnee.org\/index.php\/wp-json\/wp\/v2\/media?parent=71"}],"curies":[{"name":"wp","href":"https:\/\/api.w.org\/{rel}","templated":true}]}}