{"id":457,"date":"2024-07-27T20:52:36","date_gmt":"2024-07-28T02:52:36","guid":{"rendered":"https:\/\/cnnee.org\/?page_id=457"},"modified":"2024-07-27T20:52:39","modified_gmt":"2024-07-28T02:52:39","slug":"ano-22-nuestras-campanas-de-concientizacion-y-nuestros-socios-a-realizar","status":"publish","type":"page","link":"https:\/\/cnnee.org\/index.php\/ano-22-nuestras-campanas-de-concientizacion-y-nuestros-socios-a-realizar\/","title":{"rendered":"A\u00f1o 22 Nuestras campa\u00f1as de concientizaci\u00f6n y nuestros socios a realizar."},"content":{"rendered":"\n<figure class=\"wp-block-gallery has-nested-images columns-default is-cropped wp-block-gallery-1 is-layout-flex wp-block-gallery-is-layout-flex\">\n<figure class=\"wp-block-image size-large\"><img loading=\"lazy\" decoding=\"async\" width=\"1024\" height=\"1024\" data-id=\"458\" src=\"https:\/\/cnnee.org\/wp-content\/uploads\/2022\/06\/autismo-y-carrera-azul-1024x1024.jpg\" alt=\"\" class=\"wp-image-458\" srcset=\"https:\/\/cnnee.org\/wp-content\/uploads\/2022\/06\/autismo-y-carrera-azul-1024x1024.jpg 1024w, https:\/\/cnnee.org\/wp-content\/uploads\/2022\/06\/autismo-y-carrera-azul-300x300.jpg 300w, https:\/\/cnnee.org\/wp-content\/uploads\/2022\/06\/autismo-y-carrera-azul-150x150.jpg 150w, https:\/\/cnnee.org\/wp-content\/uploads\/2022\/06\/autismo-y-carrera-azul-768x768.jpg 768w, https:\/\/cnnee.org\/wp-content\/uploads\/2022\/06\/autismo-y-carrera-azul.jpg 1080w\" sizes=\"auto, (max-width: 1024px) 100vw, 1024px\" \/><\/figure>\n\n\n\n<figure class=\"wp-block-image size-large\"><img loading=\"lazy\" decoding=\"async\" width=\"1024\" height=\"1024\" data-id=\"459\" src=\"https:\/\/cnnee.org\/wp-content\/uploads\/2022\/06\/CARRERA-AZUL-1024x1024.png\" alt=\"\" class=\"wp-image-459\" srcset=\"https:\/\/cnnee.org\/wp-content\/uploads\/2022\/06\/CARRERA-AZUL-1024x1024.png 1024w, https:\/\/cnnee.org\/wp-content\/uploads\/2022\/06\/CARRERA-AZUL-300x300.png 300w, https:\/\/cnnee.org\/wp-content\/uploads\/2022\/06\/CARRERA-AZUL-150x150.png 150w, https:\/\/cnnee.org\/wp-content\/uploads\/2022\/06\/CARRERA-AZUL-768x768.png 768w, https:\/\/cnnee.org\/wp-content\/uploads\/2022\/06\/CARRERA-AZUL.png 1080w\" sizes=\"auto, (max-width: 1024px) 100vw, 1024px\" \/><\/figure>\n<\/figure>\n\n\n\n<figure class=\"wp-block-image size-large\"><img decoding=\"async\" src=\"blob:https:\/\/cnnee.org\/78eaacde-2041-45d2-b128-57e8146cd316\" alt=\"\"\/><\/figure>\n","protected":false},"excerpt":{"rendered":"","protected":false},"author":1,"featured_media":0,"parent":0,"menu_order":0,"comment_status":"closed","ping_status":"closed","template":"","meta":{"footnotes":""},"class_list":["post-457","page","type-page","status-publish","hentry"],"_links":{"self":[{"href":"https:\/\/cnnee.org\/index.php\/wp-json\/wp\/v2\/pages\/457","targetHints":{"allow":["GET"]}}],"collection":[{"href":"https:\/\/cnnee.org\/index.php\/wp-json\/wp\/v2\/pages"}],"about":[{"href":"https:\/\/cnnee.org\/index.php\/wp-json\/wp\/v2\/types\/page"}],"author":[{"embeddable":true,"href":"https:\/\/cnnee.org\/index.php\/wp-json\/wp\/v2\/users\/1"}],"replies":[{"embeddable":true,"href":"https:\/\/cnnee.org\/index.php\/wp-json\/wp\/v2\/comments?post=457"}],"version-history":[{"count":1,"href":"https:\/\/cnnee.org\/index.php\/wp-json\/wp\/v2\/pages\/457\/revisions"}],"predecessor-version":[{"id":815,"href":"https:\/\/cnnee.org\/index.php\/wp-json\/wp\/v2\/pages\/457\/revisions\/815"}],"wp:attachment":[{"href":"https:\/\/cnnee.org\/index.php\/wp-json\/wp\/v2\/media?parent=457"}],"curies":[{"name":"wp","href":"https:\/\/api.w.org\/{rel}","templated":true}]}}