{"id":17,"date":"2020-06-19T23:29:29","date_gmt":"2020-06-19T23:29:29","guid":{"rendered":"http:\/\/cnnee.org\/?page_id=17"},"modified":"2025-09-22T21:36:37","modified_gmt":"2025-09-23T03:36:37","slug":"home","status":"publish","type":"page","link":"https:\/\/cnnee.org\/","title":{"rendered":"Quienes Somos"},"content":{"rendered":"\n<p class=\"has-large-font-size\"><strong>website.  cnnee.org <\/strong><\/p>\n\n\n\n<p class=\"has-large-font-size\"><\/p>\n\n\n\n<div class=\"wp-block-cover aligncenter\"><img loading=\"lazy\" decoding=\"async\" width=\"300\" height=\"300\" class=\"wp-block-cover__image-background wp-image-490\" alt=\"\" src=\"https:\/\/cnnee.org\/wp-content\/uploads\/2022\/06\/97525836_106391381082895_239689922787672064_n1-300x300.jpg\" data-object-fit=\"cover\" srcset=\"https:\/\/cnnee.org\/wp-content\/uploads\/2022\/06\/97525836_106391381082895_239689922787672064_n1-300x300.jpg 300w, https:\/\/cnnee.org\/wp-content\/uploads\/2022\/06\/97525836_106391381082895_239689922787672064_n1-1024x1024.jpg 1024w, https:\/\/cnnee.org\/wp-content\/uploads\/2022\/06\/97525836_106391381082895_239689922787672064_n1-150x150.jpg 150w, https:\/\/cnnee.org\/wp-content\/uploads\/2022\/06\/97525836_106391381082895_239689922787672064_n1-768x768.jpg 768w, https:\/\/cnnee.org\/wp-content\/uploads\/2022\/06\/97525836_106391381082895_239689922787672064_n1.jpg 1438w\" sizes=\"auto, (max-width: 300px) 100vw, 300px\" \/><span aria-hidden=\"true\" class=\"wp-block-cover__background has-background-dim\"><\/span><div class=\"wp-block-cover__inner-container is-layout-flow wp-block-cover-is-layout-flow\">\n<p class=\"has-text-align-center has-large-font-size\"><\/p>\n<\/div><\/div>\n\n\n\n<p class=\"has-text-align-left has-black-color has-luminous-vivid-amber-background-color has-text-color has-background has-link-color wp-elements-f8ea27aa69afc534e3fcee4813e5309d\">Somos   una   iniciativa   solidaria   autosostenible   en   apoyo   a   las   familias  en  el  \u00e1rea  de educaci\u00f3n inicial (estimulaci\u00f3n temprana ) y los trastornos en el aprendizaje. Creemos en una educaci\u00f3n inclusiva. Creemos en una educaci\u00f3n para todos y en todos.<\/p>\n\n\n\n<p class=\"has-black-color has-luminous-vivid-amber-background-color has-text-color has-background has-link-color wp-elements-eadfb12df93625d232335ef20437d0bf\">Para los ni\u00f1os y adolescentes, la <strong>pandemia y sus efectos temporales<\/strong>, como el aislamiento social, <strong>pueden ser causas adicionales para desertar y posteriormente abandonar la escuela<\/strong>.   Sin duda, en este momento es urgente animar a las familias a que contin\u00faen en este nuevo ciclo escolar y apoyarlos para sortear con \u00e9xito este enorme reto\u201d.<\/p>\n\n\n\n<p class=\"has-black-color has-luminous-vivid-amber-background-color has-text-color has-background has-link-color wp-elements-edc76dc4f0d68d2cce4a3109c00caa1b\">Y es posible a la responsabilidad social empresarial DECIMOS NO A EL ABANDONO ESCOLAR, 56 ni\u00f1os asisten 1 o 3 horas en la semana para que su aprendizaje no se detenga ni se detendr\u00e1. Todo es posible con el aporte de TODOS.<\/p>\n\n\n\n<div class=\"wp-block-cover is-light\"><video class=\"wp-block-cover__video-background intrinsic-ignore\" autoplay muted loop playsinline src=\"http:\/\/cnnee.org\/wp-content\/uploads\/2020\/08\/CNNEE-1.mp4\" data-object-fit=\"cover\"><\/video><span aria-hidden=\"true\" class=\"wp-block-cover__background has-background-dim\"><\/span><div class=\"wp-block-cover__inner-container is-layout-flow wp-block-cover-is-layout-flow\">\n<div class=\"wp-block-group\"><div class=\"wp-block-group__inner-container is-layout-constrained wp-block-group-is-layout-constrained\">\n<div class=\"wp-block-columns is-layout-flex wp-container-core-columns-is-layout-9d6595d7 wp-block-columns-is-layout-flex\">\n<div class=\"wp-block-column is-layout-flow wp-block-column-is-layout-flow\" style=\"flex-basis:100%\">\n<div class=\"wp-block-columns is-layout-flex wp-container-core-columns-is-layout-9d6595d7 wp-block-columns-is-layout-flex\">\n<div class=\"wp-block-column is-layout-flow wp-block-column-is-layout-flow\" style=\"flex-basis:33.33%\"><\/div>\n\n\n\n<div class=\"wp-block-column is-layout-flow wp-block-column-is-layout-flow\" style=\"flex-basis:66.66%\"><\/div>\n<\/div>\n<\/div>\n<\/div>\n<\/div><\/div>\n\n\n\n<div class=\"wp-block-columns is-layout-flex wp-container-core-columns-is-layout-9d6595d7 wp-block-columns-is-layout-flex\">\n<div class=\"wp-block-column is-layout-flow wp-block-column-is-layout-flow\">\n<div class=\"wp-block-columns is-layout-flex wp-container-core-columns-is-layout-9d6595d7 wp-block-columns-is-layout-flex\">\n<div class=\"wp-block-column is-layout-flow wp-block-column-is-layout-flow\" style=\"flex-basis:100%\"><\/div>\n<\/div>\n<\/div>\n\n\n\n<div class=\"wp-block-column is-layout-flow wp-block-column-is-layout-flow\"><\/div>\n\n\n\n<div class=\"wp-block-column is-layout-flow wp-block-column-is-layout-flow\"><\/div>\n<\/div>\n\n\n\n<div class=\"wp-block-columns is-layout-flex wp-container-core-columns-is-layout-9d6595d7 wp-block-columns-is-layout-flex\">\n<div class=\"wp-block-column is-layout-flow wp-block-column-is-layout-flow\"><\/div>\n\n\n\n<div class=\"wp-block-column is-layout-flow wp-block-column-is-layout-flow\"><\/div>\n\n\n\n<div class=\"wp-block-column is-layout-flow wp-block-column-is-layout-flow\"><\/div>\n<\/div>\n<\/div><\/div>\n\n\n\n<p class=\"has-text-align-center\">DI NO A LA DESERCION ESCOLAR. <\/p>\n\n\n\n<div class=\"wp-block-group\"><div class=\"wp-block-group__inner-container is-layout-flow wp-block-group-is-layout-flow\">\n<div class=\"wp-block-columns is-layout-flex wp-container-core-columns-is-layout-9d6595d7 wp-block-columns-is-layout-flex\">\n<div class=\"wp-block-column is-layout-flow wp-block-column-is-layout-flow\" style=\"flex-basis:100%\">\n<p class=\"has-light-green-cyan-background-color has-background has-large-font-size\"><img loading=\"lazy\" decoding=\"async\" width=\"200\" height=\"150\" class=\"wp-image-778\" style=\"width: 200px;\" src=\"https:\/\/cnnee.org\/wp-content\/uploads\/2024\/07\/IMG_20230811_144027-scaled.jpg\" alt=\"\" srcset=\"https:\/\/cnnee.org\/wp-content\/uploads\/2024\/07\/IMG_20230811_144027-scaled.jpg 2560w, https:\/\/cnnee.org\/wp-content\/uploads\/2024\/07\/IMG_20230811_144027-300x225.jpg 300w, https:\/\/cnnee.org\/wp-content\/uploads\/2024\/07\/IMG_20230811_144027-1024x768.jpg 1024w, https:\/\/cnnee.org\/wp-content\/uploads\/2024\/07\/IMG_20230811_144027-768x576.jpg 768w, https:\/\/cnnee.org\/wp-content\/uploads\/2024\/07\/IMG_20230811_144027-1536x1152.jpg 1536w, https:\/\/cnnee.org\/wp-content\/uploads\/2024\/07\/IMG_20230811_144027-2048x1536.jpg 2048w\" sizes=\"auto, (max-width: 200px) 100vw, 200px\" \/><sub><sup><strong>. <\/strong><\/sup><\/sub><strong>Acompa\u00f1ando a la Juventud de dos municipios del Sector de Cortes. <\/strong><\/p>\n\n\n\n<p class=\"has-text-align-center has-light-green-cyan-background-color has-background has-large-font-size\"><strong>Participacion Infantil . MI VOZ CUENTA. <\/strong><\/p>\n\n\n<div class=\"wp-block-image\">\n<figure class=\"alignright size-full is-resized\"><img loading=\"lazy\" decoding=\"async\" width=\"1024\" height=\"1024\" src=\"https:\/\/cnnee.org\/wp-content\/uploads\/2024\/07\/image.png\" alt=\"\" class=\"wp-image-786\" style=\"width:285px;height:auto\" srcset=\"https:\/\/cnnee.org\/wp-content\/uploads\/2024\/07\/image.png 1024w, https:\/\/cnnee.org\/wp-content\/uploads\/2024\/07\/image-300x300.png 300w, https:\/\/cnnee.org\/wp-content\/uploads\/2024\/07\/image-150x150.png 150w, https:\/\/cnnee.org\/wp-content\/uploads\/2024\/07\/image-768x768.png 768w\" sizes=\"auto, (max-width: 1024px) 100vw, 1024px\" \/><\/figure>\n<\/div>\n\n\n<p class=\"has-black-color has-light-green-cyan-background-color has-text-color has-background has-link-color wp-elements-0a26be6e0c4d9554807c6a29d46d72f8\"><strong>GFC apoyando a la Ni\u00f1ez en el Sector del Lago de Yojoa 2023-2024<\/strong><\/p>\n\n\n\n<p class=\"has-large-font-size\"><strong>A\u00f1o 2023 Participacion Infantil<\/strong><\/p>\n\n\n\n<p><\/p>\n\n\n\n<figure class=\"wp-block-pullquote has-black-color has-luminous-vivid-amber-background-color has-text-color has-background has-link-color has-x-large-font-size wp-elements-c7ba45e7cec8e920e37e545255d58bee\"><blockquote><p><sub><sup><strong>. <\/strong><\/sup><\/sub><img loading=\"lazy\" decoding=\"async\" width=\"349\" height=\"465\" class=\"wp-image-776\" style=\"width: 349px;\" src=\"https:\/\/cnnee.org\/wp-content\/uploads\/2024\/07\/IMG_20230809_105029-scaled.jpg\" alt=\"\" srcset=\"https:\/\/cnnee.org\/wp-content\/uploads\/2024\/07\/IMG_20230809_105029-scaled.jpg 1920w, https:\/\/cnnee.org\/wp-content\/uploads\/2024\/07\/IMG_20230809_105029-225x300.jpg 225w, https:\/\/cnnee.org\/wp-content\/uploads\/2024\/07\/IMG_20230809_105029-768x1024.jpg 768w, https:\/\/cnnee.org\/wp-content\/uploads\/2024\/07\/IMG_20230809_105029-1152x1536.jpg 1152w, https:\/\/cnnee.org\/wp-content\/uploads\/2024\/07\/IMG_20230809_105029-1536x2048.jpg 1536w\" sizes=\"auto, (max-width: 349px) 100vw, 349px\" \/><\/p><cite><strong>A\u00f1o 2023 TERAPIA LEGO   es una forma de terapia de juego en grupo con pautas espec\u00edficas, con roles asignados a los diferentes participantes de una sesi\u00f3n o taller y es un intermediario exitoso para&nbsp;abordar las habilidades de comunicaci\u00f3n social, mejora la calidad de las interacciones sociales, la rigidez de pensamiento, habilidades motoras finas, habilidades de percepci\u00f3n visual, habilidades cognitivas y habilidades de autoeficacia.<\/strong><\/cite><\/blockquote><\/figure>\n<\/div>\n<\/div>\n\n\n\n<p>P<\/p>\n\n\n\n<div class=\"wp-block-group\"><div class=\"wp-block-group__inner-container is-layout-flow wp-block-group-is-layout-flow\">\n<figure class=\"wp-block-gallery has-nested-images columns-default is-cropped wp-block-gallery-1 is-layout-flex wp-block-gallery-is-layout-flex\">\n<figure class=\"wp-block-image size-large\"><img loading=\"lazy\" decoding=\"async\" width=\"1024\" height=\"768\" data-id=\"777\" src=\"https:\/\/cnnee.org\/wp-content\/uploads\/2024\/07\/IMG_20230811_135645-1024x768.jpg\" alt=\"\" class=\"wp-image-777\" srcset=\"https:\/\/cnnee.org\/wp-content\/uploads\/2024\/07\/IMG_20230811_135645-1024x768.jpg 1024w, https:\/\/cnnee.org\/wp-content\/uploads\/2024\/07\/IMG_20230811_135645-300x225.jpg 300w, https:\/\/cnnee.org\/wp-content\/uploads\/2024\/07\/IMG_20230811_135645-768x576.jpg 768w, https:\/\/cnnee.org\/wp-content\/uploads\/2024\/07\/IMG_20230811_135645-1536x1152.jpg 1536w, https:\/\/cnnee.org\/wp-content\/uploads\/2024\/07\/IMG_20230811_135645-2048x1536.jpg 2048w\" sizes=\"auto, (max-width: 1024px) 100vw, 1024px\" \/><figcaption class=\"wp-element-caption\">Alumnos del 7mo y 8avo de Instituto San Buenas Venturas . <\/figcaption><\/figure>\n<\/figure>\n<\/div><\/div>\n<\/div><\/div>\n\n\n\n<div class=\"wp-block-group\"><div class=\"wp-block-group__inner-container is-layout-flow wp-block-group-is-layout-flow\">\n<figure class=\"wp-block-pullquote has-text-align-right\"><blockquote><p><sub><sup><img loading=\"lazy\" decoding=\"async\" width=\"148\" height=\"148\" class=\"wp-image-433\" style=\"width: 148px;\" src=\"https:\/\/cnnee.org\/wp-content\/uploads\/2022\/01\/79675390_10159057803898976_5258290578881249280_n-global-children.png\" alt=\"\"><strong>gracias por apoyar en los  programas de apoyo a los ni\u00f1os de 2 a\u00f1os a 9 a\u00f1os, estimulaci\u00f3n temprana, programa de nutrici\u00f3n , campa\u00f1as de socializaci\u00f3n comunitaria en temas de discapacidades y la empat\u00eda como la calidad de vida de cada ni\u00f1o. <\/strong><\/sup><\/sub><\/p><cite>A\u00f1o 2023 <\/cite><\/blockquote><\/figure>\n\n\n\n<div class=\"wp-block-group\"><div class=\"wp-block-group__inner-container is-layout-flow wp-block-group-is-layout-flow\">\n<figure class=\"wp-block-gallery has-nested-images columns-default is-cropped wp-block-gallery-2 is-layout-flex wp-block-gallery-is-layout-flex\">\n<figure class=\"wp-block-image size-large\"><img loading=\"lazy\" decoding=\"async\" width=\"1024\" height=\"576\" data-id=\"451\" src=\"https:\/\/cnnee.org\/wp-content\/uploads\/2022\/06\/RPFQ1797-1024x576.jpg\" alt=\"\" class=\"wp-image-451\" srcset=\"https:\/\/cnnee.org\/wp-content\/uploads\/2022\/06\/RPFQ1797-1024x576.jpg 1024w, https:\/\/cnnee.org\/wp-content\/uploads\/2022\/06\/RPFQ1797-300x169.jpg 300w, https:\/\/cnnee.org\/wp-content\/uploads\/2022\/06\/RPFQ1797-768x432.jpg 768w, https:\/\/cnnee.org\/wp-content\/uploads\/2022\/06\/RPFQ1797-1536x865.jpg 1536w, https:\/\/cnnee.org\/wp-content\/uploads\/2022\/06\/RPFQ1797-2048x1153.jpg 2048w\" sizes=\"auto, (max-width: 1024px) 100vw, 1024px\" \/><figcaption class=\"wp-element-caption\">Reunion de Padres en la charla de Nutrici\u00f3n en un ni\u00f1o con Lesion Cerebral y Autismo. Deficit de atencion, Sindromes de down, y aprendizajes. <\/figcaption><\/figure>\n<\/figure>\n<\/div><\/div>\n<\/div><\/div>\n\n\n\n<h2 class=\"wp-block-heading\">2022<\/h2>\n\n\n\n<h2 class=\"wp-block-heading has-vivid-green-cyan-background-color has-background has-small-font-size\">CNNEE gracias a la ayuda de nuestro amigos de Canad\u00e1, Financiera Hermandad de Honduras , Sr. Ken Lavy, Amigo Will Walker y todos los amigos que en estos a\u00f1os estan cerca de nuestras metas. <\/h2>\n\n\n\n<figure class=\"wp-block-gallery has-nested-images columns-default is-cropped wp-block-gallery-3 is-layout-flex wp-block-gallery-is-layout-flex\">\n<figure class=\"wp-block-image size-large\"><img loading=\"lazy\" decoding=\"async\" width=\"576\" height=\"1024\" data-id=\"446\" src=\"https:\/\/cnnee.org\/wp-content\/uploads\/2022\/06\/ERZX6360-576x1024.jpg\" alt=\"\" class=\"wp-image-446\" srcset=\"https:\/\/cnnee.org\/wp-content\/uploads\/2022\/06\/ERZX6360-576x1024.jpg 576w, https:\/\/cnnee.org\/wp-content\/uploads\/2022\/06\/ERZX6360-169x300.jpg 169w, https:\/\/cnnee.org\/wp-content\/uploads\/2022\/06\/ERZX6360-768x1365.jpg 768w, https:\/\/cnnee.org\/wp-content\/uploads\/2022\/06\/ERZX6360-865x1536.jpg 865w, https:\/\/cnnee.org\/wp-content\/uploads\/2022\/06\/ERZX6360-1153x2048.jpg 1153w, https:\/\/cnnee.org\/wp-content\/uploads\/2022\/06\/ERZX6360-scaled.jpg 1441w\" sizes=\"auto, (max-width: 576px) 100vw, 576px\" \/><\/figure>\n\n\n\n<figure class=\"wp-block-image size-large\"><img loading=\"lazy\" decoding=\"async\" width=\"1024\" height=\"768\" data-id=\"447\" src=\"https:\/\/cnnee.org\/wp-content\/uploads\/2022\/06\/ETDG0977-1024x768.jpg\" alt=\"\" class=\"wp-image-447\" srcset=\"https:\/\/cnnee.org\/wp-content\/uploads\/2022\/06\/ETDG0977-1024x768.jpg 1024w, https:\/\/cnnee.org\/wp-content\/uploads\/2022\/06\/ETDG0977-300x225.jpg 300w, https:\/\/cnnee.org\/wp-content\/uploads\/2022\/06\/ETDG0977-768x576.jpg 768w, https:\/\/cnnee.org\/wp-content\/uploads\/2022\/06\/ETDG0977-1536x1152.jpg 1536w, https:\/\/cnnee.org\/wp-content\/uploads\/2022\/06\/ETDG0977.jpg 1600w\" sizes=\"auto, (max-width: 1024px) 100vw, 1024px\" \/><\/figure>\n<\/figure>\n\n\n\n<p>Ahora estamos en nuevo local, Calle principal del Eden, antes del campo de futbol a mano izquierda porton negro pasaje de flores rojas, a 500 metros al fondo edificio en construccion. <\/p>\n\n\n\n<div class=\"wp-block-group alignwide\"><div class=\"wp-block-group__inner-container is-layout-flow wp-block-group-is-layout-flow\">\n<div class=\"wp-block-cover aligncenter\"><img loading=\"lazy\" decoding=\"async\" width=\"1024\" height=\"768\" class=\"wp-block-cover__image-background wp-image-445\" alt=\"\" src=\"https:\/\/cnnee.org\/wp-content\/uploads\/2022\/06\/IMG_5893-1024x768.jpg\" data-object-fit=\"cover\" srcset=\"https:\/\/cnnee.org\/wp-content\/uploads\/2022\/06\/IMG_5893-1024x768.jpg 1024w, https:\/\/cnnee.org\/wp-content\/uploads\/2022\/06\/IMG_5893-300x225.jpg 300w, https:\/\/cnnee.org\/wp-content\/uploads\/2022\/06\/IMG_5893-768x576.jpg 768w, https:\/\/cnnee.org\/wp-content\/uploads\/2022\/06\/IMG_5893-1536x1152.jpg 1536w, https:\/\/cnnee.org\/wp-content\/uploads\/2022\/06\/IMG_5893.jpg 2048w\" sizes=\"auto, (max-width: 1024px) 100vw, 1024px\" \/><span aria-hidden=\"true\" class=\"wp-block-cover__background has-background-dim\"><\/span><div class=\"wp-block-cover__inner-container is-layout-flow wp-block-cover-is-layout-flow\">\n<p class=\"has-text-align-center has-small-font-size\"><mark style=\"background-color:rgba(0, 0, 0, 0)\" class=\"has-inline-color has-light-green-cyan-color\">Gracias a todos los que participaron en nuestra meta de contar con el edificio, vamos avanzando<\/mark><\/p>\n\n\n\n<p class=\"has-text-align-center\">Fundaci\u00f3n Microfinanciera Hermandad de Honduras <\/p>\n<\/div><\/div>\n<\/div><\/div>\n\n\n\n<div class=\"wp-block-columns is-layout-flex wp-container-core-columns-is-layout-9d6595d7 wp-block-columns-is-layout-flex\">\n<div class=\"wp-block-column is-vertically-aligned-center is-layout-flow wp-block-column-is-layout-flow\" style=\"flex-basis:100%\">\n<figure class=\"wp-block-image size-large is-resized is-style-default\"><img loading=\"lazy\" decoding=\"async\" width=\"940\" height=\"788\" src=\"https:\/\/cnnee.org\/wp-content\/uploads\/2021\/06\/campana-autismo-5.jpg\" alt=\"\" class=\"wp-image-266\" style=\"width:502px;height:420px\" srcset=\"https:\/\/cnnee.org\/wp-content\/uploads\/2021\/06\/campana-autismo-5.jpg 940w, https:\/\/cnnee.org\/wp-content\/uploads\/2021\/06\/campana-autismo-5-300x251.jpg 300w, https:\/\/cnnee.org\/wp-content\/uploads\/2021\/06\/campana-autismo-5-768x644.jpg 768w\" sizes=\"auto, (max-width: 940px) 100vw, 940px\" \/><\/figure>\n<\/div>\n\n\n\n<div class=\"wp-block-column is-vertically-aligned-center is-layout-flow wp-block-column-is-layout-flow\" style=\"flex-basis:100%\">\n<div class=\"wp-block-group\"><div class=\"wp-block-group__inner-container is-layout-flow wp-block-group-is-layout-flow\">\n<figure class=\"wp-block-gallery has-nested-images columns-default is-cropped wp-block-gallery-4 is-layout-flex wp-block-gallery-is-layout-flex\">\n<figure class=\"wp-block-image size-large\"><img loading=\"lazy\" decoding=\"async\" width=\"768\" height=\"1024\" data-id=\"482\" src=\"https:\/\/cnnee.org\/wp-content\/uploads\/2022\/06\/970-768x1024.jpg\" alt=\"\" class=\"wp-image-482\" srcset=\"https:\/\/cnnee.org\/wp-content\/uploads\/2022\/06\/970-768x1024.jpg 768w, https:\/\/cnnee.org\/wp-content\/uploads\/2022\/06\/970-225x300.jpg 225w, https:\/\/cnnee.org\/wp-content\/uploads\/2022\/06\/970.jpg 960w\" sizes=\"auto, (max-width: 768px) 100vw, 768px\" \/><\/figure>\n\n\n\n<figure class=\"wp-block-image size-large\"><img loading=\"lazy\" decoding=\"async\" width=\"576\" height=\"1024\" data-id=\"483\" src=\"https:\/\/cnnee.org\/wp-content\/uploads\/2022\/06\/POIC9331-1-576x1024.jpg\" alt=\"\" class=\"wp-image-483\" srcset=\"https:\/\/cnnee.org\/wp-content\/uploads\/2022\/06\/POIC9331-1-576x1024.jpg 576w, https:\/\/cnnee.org\/wp-content\/uploads\/2022\/06\/POIC9331-1-169x300.jpg 169w, https:\/\/cnnee.org\/wp-content\/uploads\/2022\/06\/POIC9331-1-768x1365.jpg 768w, https:\/\/cnnee.org\/wp-content\/uploads\/2022\/06\/POIC9331-1-865x1536.jpg 865w, https:\/\/cnnee.org\/wp-content\/uploads\/2022\/06\/POIC9331-1-1153x2048.jpg 1153w, https:\/\/cnnee.org\/wp-content\/uploads\/2022\/06\/POIC9331-1-scaled.jpg 1441w\" sizes=\"auto, (max-width: 576px) 100vw, 576px\" \/><\/figure>\n<\/figure>\n<\/div><\/div>\n<\/div>\n<\/div>\n\n\n\n<figure class=\"wp-block-image size-large is-resized is-style-default\"><img loading=\"lazy\" decoding=\"async\" width=\"940\" height=\"788\" src=\"https:\/\/cnnee.org\/wp-content\/uploads\/2021\/06\/covid.png\" alt=\"\" class=\"wp-image-268\" style=\"width:511px;height:427px\" srcset=\"https:\/\/cnnee.org\/wp-content\/uploads\/2021\/06\/covid.png 940w, https:\/\/cnnee.org\/wp-content\/uploads\/2021\/06\/covid-300x251.png 300w, https:\/\/cnnee.org\/wp-content\/uploads\/2021\/06\/covid-768x644.png 768w\" sizes=\"auto, (max-width: 940px) 100vw, 940px\" \/><\/figure>\n\n\n\n<p><\/p>\n\n\n\n<figure class=\"wp-block-gallery has-nested-images columns-default is-cropped wp-block-gallery-5 is-layout-flex wp-block-gallery-is-layout-flex\">\n<figure class=\"wp-block-image size-large\"><img loading=\"lazy\" decoding=\"async\" width=\"768\" height=\"1024\" data-id=\"298\" src=\"https:\/\/cnnee.org\/wp-content\/uploads\/2021\/06\/entrega-de-vivers-cepudo-mayo21.jpg\" alt=\"\" class=\"wp-image-298\" srcset=\"https:\/\/cnnee.org\/wp-content\/uploads\/2021\/06\/entrega-de-vivers-cepudo-mayo21.jpg 768w, https:\/\/cnnee.org\/wp-content\/uploads\/2021\/06\/entrega-de-vivers-cepudo-mayo21-225x300.jpg 225w\" sizes=\"auto, (max-width: 768px) 100vw, 768px\" \/><\/figure>\n\n\n\n<figure class=\"wp-block-image size-large\"><img loading=\"lazy\" decoding=\"async\" width=\"768\" height=\"1024\" data-id=\"299\" src=\"https:\/\/cnnee.org\/wp-content\/uploads\/2021\/06\/hANSEL.jpg\" alt=\"\" class=\"wp-image-299\" srcset=\"https:\/\/cnnee.org\/wp-content\/uploads\/2021\/06\/hANSEL.jpg 768w, https:\/\/cnnee.org\/wp-content\/uploads\/2021\/06\/hANSEL-225x300.jpg 225w\" sizes=\"auto, (max-width: 768px) 100vw, 768px\" \/><\/figure>\n\n\n\n<figure class=\"wp-block-image size-large\"><img loading=\"lazy\" decoding=\"async\" width=\"768\" height=\"1024\" data-id=\"300\" src=\"https:\/\/cnnee.org\/wp-content\/uploads\/2021\/06\/Jean.jpg\" alt=\"\" class=\"wp-image-300\" srcset=\"https:\/\/cnnee.org\/wp-content\/uploads\/2021\/06\/Jean.jpg 768w, https:\/\/cnnee.org\/wp-content\/uploads\/2021\/06\/Jean-225x300.jpg 225w\" sizes=\"auto, (max-width: 768px) 100vw, 768px\" \/><\/figure>\n\n\n\n<figure class=\"wp-block-image size-large\"><img loading=\"lazy\" decoding=\"async\" width=\"1024\" height=\"768\" data-id=\"301\" src=\"https:\/\/cnnee.org\/wp-content\/uploads\/2021\/06\/juego-de-pelotas-johana.jpg\" alt=\"\" class=\"wp-image-301\" srcset=\"https:\/\/cnnee.org\/wp-content\/uploads\/2021\/06\/juego-de-pelotas-johana.jpg 1024w, https:\/\/cnnee.org\/wp-content\/uploads\/2021\/06\/juego-de-pelotas-johana-300x225.jpg 300w, https:\/\/cnnee.org\/wp-content\/uploads\/2021\/06\/juego-de-pelotas-johana-768x576.jpg 768w\" sizes=\"auto, (max-width: 1024px) 100vw, 1024px\" \/><\/figure>\n\n\n\n<figure class=\"wp-block-image size-large\"><img loading=\"lazy\" decoding=\"async\" width=\"768\" height=\"1024\" data-id=\"302\" src=\"https:\/\/cnnee.org\/wp-content\/uploads\/2021\/06\/la-educacion-no-se-detiene.jpg\" alt=\"\" class=\"wp-image-302\" srcset=\"https:\/\/cnnee.org\/wp-content\/uploads\/2021\/06\/la-educacion-no-se-detiene.jpg 768w, https:\/\/cnnee.org\/wp-content\/uploads\/2021\/06\/la-educacion-no-se-detiene-225x300.jpg 225w\" sizes=\"auto, (max-width: 768px) 100vw, 768px\" \/><\/figure>\n\n\n\n<figure class=\"wp-block-image size-large\"><img loading=\"lazy\" decoding=\"async\" width=\"1024\" height=\"576\" data-id=\"303\" src=\"https:\/\/cnnee.org\/wp-content\/uploads\/2021\/06\/reto-superado-puzzle-mono.jpg\" alt=\"\" class=\"wp-image-303\" srcset=\"https:\/\/cnnee.org\/wp-content\/uploads\/2021\/06\/reto-superado-puzzle-mono.jpg 1024w, https:\/\/cnnee.org\/wp-content\/uploads\/2021\/06\/reto-superado-puzzle-mono-300x169.jpg 300w, https:\/\/cnnee.org\/wp-content\/uploads\/2021\/06\/reto-superado-puzzle-mono-768x432.jpg 768w\" sizes=\"auto, (max-width: 1024px) 100vw, 1024px\" \/><\/figure>\n\n\n\n<figure class=\"wp-block-image size-large\"><img loading=\"lazy\" decoding=\"async\" width=\"768\" height=\"1024\" data-id=\"304\" src=\"https:\/\/cnnee.org\/wp-content\/uploads\/2021\/06\/trabjo-de-equipo-congntivo.jpg\" alt=\"\" class=\"wp-image-304\" srcset=\"https:\/\/cnnee.org\/wp-content\/uploads\/2021\/06\/trabjo-de-equipo-congntivo.jpg 768w, https:\/\/cnnee.org\/wp-content\/uploads\/2021\/06\/trabjo-de-equipo-congntivo-225x300.jpg 225w\" sizes=\"auto, (max-width: 768px) 100vw, 768px\" \/><\/figure>\n\n\n\n<figure class=\"wp-block-image size-large\"><img loading=\"lazy\" decoding=\"async\" width=\"1024\" height=\"768\" data-id=\"305\" src=\"https:\/\/cnnee.org\/wp-content\/uploads\/2021\/06\/Vaso-por-cepudo.jpg\" alt=\"\" class=\"wp-image-305\" srcset=\"https:\/\/cnnee.org\/wp-content\/uploads\/2021\/06\/Vaso-por-cepudo.jpg 1024w, https:\/\/cnnee.org\/wp-content\/uploads\/2021\/06\/Vaso-por-cepudo-300x225.jpg 300w, https:\/\/cnnee.org\/wp-content\/uploads\/2021\/06\/Vaso-por-cepudo-768x576.jpg 768w\" sizes=\"auto, (max-width: 1024px) 100vw, 1024px\" \/><\/figure>\n<\/figure>\n\n\n\n<p><\/p>\n","protected":false},"excerpt":{"rendered":"<p>website. cnnee.org Somos una iniciativa solidaria autosostenible en apoyo a las familias en el \u00e1rea de educaci\u00f3n inicial (estimulaci\u00f3n temprana ) y los trastornos en&hellip;<\/p>\n","protected":false},"author":1,"featured_media":0,"parent":0,"menu_order":0,"comment_status":"open","ping_status":"closed","template":"","meta":{"footnotes":""},"class_list":["post-17","page","type-page","status-publish","hentry"],"_links":{"self":[{"href":"https:\/\/cnnee.org\/index.php\/wp-json\/wp\/v2\/pages\/17","targetHints":{"allow":["GET"]}}],"collection":[{"href":"https:\/\/cnnee.org\/index.php\/wp-json\/wp\/v2\/pages"}],"about":[{"href":"https:\/\/cnnee.org\/index.php\/wp-json\/wp\/v2\/types\/page"}],"author":[{"embeddable":true,"href":"https:\/\/cnnee.org\/index.php\/wp-json\/wp\/v2\/users\/1"}],"replies":[{"embeddable":true,"href":"https:\/\/cnnee.org\/index.php\/wp-json\/wp\/v2\/comments?post=17"}],"version-history":[{"count":49,"href":"https:\/\/cnnee.org\/index.php\/wp-json\/wp\/v2\/pages\/17\/revisions"}],"predecessor-version":[{"id":866,"href":"https:\/\/cnnee.org\/index.php\/wp-json\/wp\/v2\/pages\/17\/revisions\/866"}],"wp:attachment":[{"href":"https:\/\/cnnee.org\/index.php\/wp-json\/wp\/v2\/media?parent=17"}],"curies":[{"name":"wp","href":"https:\/\/api.w.org\/{rel}","templated":true}]}}