{"id":103,"date":"2020-06-20T20:09:24","date_gmt":"2020-06-20T20:09:24","guid":{"rendered":"http:\/\/cnnee.org\/?page_id=103"},"modified":"2020-08-06T01:55:24","modified_gmt":"2020-08-06T01:55:24","slug":"valores","status":"publish","type":"page","link":"https:\/\/cnnee.org\/index.php\/valores\/","title":{"rendered":"Valores"},"content":{"rendered":"\n<ul class=\"wp-block-list\"><li><em>Solidaridad<\/em>: Ser conciente que cada familia tiene una condici\u00f3n social econ\u00f3micamente y nuestra sociedad est\u00e1 atenta a ser emp\u00e1tica.<\/li><li><em>Responsabilidad<\/em>: Nuestro equipo humano\u00a0 cuenta con el apoyo de cada uno de los profesionales\u00a0 que forman la asociaci\u00f3n.<\/li><li><em>Disponibilidad:<\/em> Estar siempre presente a cada familia que necesita nuestra participaci\u00f3n profesional.<\/li><li><em>Fe y amor en Dios:<\/em> Es el eje centrado en nuestra misi\u00f3n en el CNNEE.<\/li><\/ul>\n\n\n\n<p><\/p>\n","protected":false},"excerpt":{"rendered":"<p>Solidaridad: Ser conciente que cada familia tiene una condici\u00f3n social econ\u00f3micamente y nuestra sociedad est\u00e1 atenta a ser emp\u00e1tica. Responsabilidad: Nuestro equipo humano\u00a0 cuenta con&hellip;<\/p>\n","protected":false},"author":1,"featured_media":0,"parent":0,"menu_order":0,"comment_status":"closed","ping_status":"closed","template":"","meta":{"footnotes":""},"class_list":["post-103","page","type-page","status-publish","hentry"],"_links":{"self":[{"href":"https:\/\/cnnee.org\/index.php\/wp-json\/wp\/v2\/pages\/103","targetHints":{"allow":["GET"]}}],"collection":[{"href":"https:\/\/cnnee.org\/index.php\/wp-json\/wp\/v2\/pages"}],"about":[{"href":"https:\/\/cnnee.org\/index.php\/wp-json\/wp\/v2\/types\/page"}],"author":[{"embeddable":true,"href":"https:\/\/cnnee.org\/index.php\/wp-json\/wp\/v2\/users\/1"}],"replies":[{"embeddable":true,"href":"https:\/\/cnnee.org\/index.php\/wp-json\/wp\/v2\/comments?post=103"}],"version-history":[{"count":4,"href":"https:\/\/cnnee.org\/index.php\/wp-json\/wp\/v2\/pages\/103\/revisions"}],"predecessor-version":[{"id":215,"href":"https:\/\/cnnee.org\/index.php\/wp-json\/wp\/v2\/pages\/103\/revisions\/215"}],"wp:attachment":[{"href":"https:\/\/cnnee.org\/index.php\/wp-json\/wp\/v2\/media?parent=103"}],"curies":[{"name":"wp","href":"https:\/\/api.w.org\/{rel}","templated":true}]}}